9059?
139, 281
What are the prime factors of 5067?
3, 563
What are the prime factors of 2455?
5, 491
List the prime factors of 25753.
7, 13, 283
What are the prime factors of 3795?
3, 5, 11, 23
What are the prime factors of 85294?
2, 11, 3877
List the prime factors of 887.
887
List the prime factors of 17229.
3, 5743
What are the prime factors of 1389?
3, 463
What are the prime factors of 2592?
2, 3
What are the prime factors of 4174?
2, 2087
What are the prime factors of 1542?
2, 3, 257
List the prime factors of 42133.
7, 13, 463
List the prime factors of 41072.
2, 17, 151
What are the prime factors of 4569?
3, 1523
List the prime factors of 1631.
7, 233
List the prime factors of 18759.
3, 13, 37
List the prime factors of 18582.
2, 3, 19, 163
List the prime factors of 4398.
2, 3, 733
What are the prime factors of 40652?
2, 10163
List the prime factors of 148596.
2, 3, 7, 29, 61
List the prime factors of 1702.
2, 23, 37
What are the prime factors of 1083?
3, 19
List the prime factors of 3266.
2, 23, 71
What are the prime factors of 4298?
2, 7, 307
List the prime factors of 6635.
5, 1327
List the prime factors of 6674.
2, 47, 71
List the prime factors of 985.
5, 197
List the prime factors of 3405.
3, 5, 227
List the prime factors of 10338.
2, 3, 1723
What are the prime factors of 5873?
7, 839
List the prime factors of 19721.
13, 37, 41
What are the prime factors of 13996?
2, 3499
List the prime factors of 139789.
13, 10753
List the prime factors of 1232.
2, 7, 11
What are the prime factors of 10972?
2, 13, 211
List the prime factors of 1560.
2, 3, 5, 13
List the prime factors of 575.
5, 23
List the prime factors of 6268.
2, 1567
List the prime factors of 497.
7, 71
List the prime factors of 336.
2, 3, 7
List the prime factors of 909.
3, 101
What are the prime factors of 20?
2, 5
What are the prime factors of 12511?
12511
List the prime factors of 12136.
2, 37, 41
What are the prime factors of 3454?
2, 11, 157
What are the prime factors of 2336?
2, 73
List the prime factors of 141415.
5, 28283
List the prime factors of 25093.
23, 1091
What are the prime factors of 612?
2, 3, 17
List the prime factors of 4278.
2, 3, 23, 31
What are the prime factors of 1215?
3, 5
List the prime factors of 4977.
3, 7, 79
List the prime factors of 112.
2, 7
List the prime factors of 1671.
3, 557
List the prime factors of 22073.
22073
List the prime factors of 5128.
2, 641
What are the prime factors of 33479?
33479
List the prime factors of 1985.
5, 397
List the prime factors of 4464.
2, 3, 31
List the prime factors of 30204.
2, 3, 839
What are the prime factors of 101781?
3, 43, 263
What are the prime factors of 13797?
3, 7, 73
What are the prime factors of 5368?
2, 11, 61
List the prime factors of 168.
2, 3, 7
What are the prime factors of 6330?
2, 3, 5, 211
List the prime factors of 61155.
3, 5, 151
What are the prime factors of 3765?
3, 5, 251
What are the prime factors of 633?
3, 211
List the prime factors of 206.
2, 103
List the prime factors of 50448.
2, 3, 1051
List the prime factors of 1197.
3, 7, 19
List the prime factors of 186.
2, 3, 31
What are the prime factors of 39600?
2, 3, 5, 11
What are the prime factors of 990?
2, 3, 5, 11
List the prime factors of 2590.
2, 5, 7, 37
List the prime factors of 84112.
2, 7, 751
What are the prime factors of 1500?
2, 3, 5
List the prime factors of 1493.
1493
List the prime factors of 2013.
3, 11, 61
What are the prime factors of 158115?
3, 5, 83, 127
What are the prime factors of 210?
2, 3, 5, 7
What are the prime factors of 10792?
2, 19, 71
What are the prime factors of 91334?
2, 45667
What are the prime factors of 905?
5, 181
List the prime factors of 5246.
2, 43, 61
List the prime factors of 69695.
5, 53, 263
What are the prime factors of 27853?
7, 23, 173
List the prime factors of 6828.
2, 3, 569
What are the prime factors of 103568?
2, 6473
What are the prime factors of 38269?
7, 11, 71
What are the prime factors of 12702?
2, 3, 29, 73
What are the prime factors of 1197?
3, 7, 19
List the prime factors of 1702.
2, 23, 37
What are the prime factors of 12163?
12163
List the prime factors of 2152.
2, 269
List the prime factors of 76170.
2, 3, 5, 2539
What are the prime factors of 605?
5, 11
List the prime factors of 1221.
3, 11, 37
List the prime factors of 7955.
5, 37, 43
What are the prime factors of 19042?
2, 9521
List the prime factors of 10239.
3, 3413
What are the prime factors of 730?
2, 5, 73
List the prime factors of 28214.
2, 14107
List the prime factors of 2007.
3, 223
List the prime factors of 17876.
2, 41, 109
List the prime factors of 1016.
2, 127
What are the prime factors of 11273?
11273
What are the prime factors of 12276?
2, 3, 11, 31
List the prime factors of 37141.
13, 2857
What are the prime factors of 43103?
43103
List the prime factors of 558.
2, 3, 31
List the prime factors of 10818.
2, 3, 601
What are the prime factors of 26314?
2, 59, 223
What are the prime factors of 1077?
3, 359
List the prime factors of 12170.
2, 5, 1217
What are the prime factors of 12122?
2, 11, 19, 29
What are the prime factors of 1097?
1097
What are the prime factors of 49971?
3, 16657
What are the prime factors of 27555?
3, 5, 11, 167
What are the prime factors of 20012?
2, 5003
What are the prime factors of 19883?
59, 337
What are the prime factors of 1111?
11, 101
What are the prime factors of 8819?
8819
What are the prime factors of 119642?
2, 163, 367
What are the prime factors of 14027?
13, 83
What are the prime factors of 1492?
2, 373
List the prime factors of 8434.
2, 4217
List the prime factors of 11994.
2, 3, 1999
List the prime factors of 1796.
2, 449
List the prime factors of 86721.
3, 137, 211
List the prime factors of 4397.
4397
What are the prime factors of 7368?
2, 3, 307
List the prime factors of 4343.
43, 101
What are the prime factors of 3916?
2, 11, 89
What are the prime factors of 5235?
3, 5, 349
List the prime factors of 684.
2, 3, 19
List the prime factors of 1788.
2, 3, 149
List the prime factors of 214.
2, 107
List the prime factors of 6803.
6803
List the prime factors of 4583.
4583
What are the prime factors of 1249?
1249
What are the prime factors of 640?
2, 5
List the prime factors of 6747.
3, 13, 173
List the prime factors of 41164.
2, 41, 251
What are the prime factors of 1907?
1907
What are the prime factors of 11124?
2, 3, 103
What are the prime factors of 93940?
2, 5, 7, 11, 61
List the prime factors of 160666.
2, 11, 67, 109
What are the prime factors of 779?
19, 41
What are the prime factors of 33954?
2, 3, 5659
List the prime factors of 6046.
2, 3023
What are the prime factors of 1000?
2, 5
What are the prime factors of 27152?
2, 1697
What are the prime factors of 937?
937
What are the prime factors of 35373?
3, 13, 907
List the prime factors of 1969.
11, 179
List the prime factors of 1243.
11, 113
What are the prime factors of 2440?
2, 5, 61
What are the prime factors of 772?
2, 193
What are the prime factors of 2047?
23, 89
What are the prime factors of 782?
2, 17, 23
List the prime factors of 19296.
2, 3, 67
What are the prime factors of 10937?
10937
What are the prime factors of 3227?
7, 461
List the prime factors of 109896.
2, 3, 19, 241
What are the prime factors of 1040?
2, 5, 13
List the prime factors of 10234.
2, 7, 17, 43
What are the prime factors of 9963?
3, 41
What are the prime factors of 538?
2, 269
List the prime factors of 3729.
3, 11, 113
List the prime factors of 2036.
2, 509
What are the prime factors of 2711?
2711
List the prime factors of 1212.
2, 3, 101
What are the prime factors of 3072?
2, 3
List the prime factors of 166.
2, 83
List the prime factors of 1172.
2, 293
What are the prime factors of 1355?
5, 271
What are the prime factors of 472?
2, 59
What are the prime factors of 151793?
17, 8929
What are the prime factors of 35286?
2, 3, 5881
What are the prime factors of 697?
17, 41
What are the prime factors of 3712?
2, 29
List the prime factors of 65568.
2, 3, 683
List the prime factors of 8549.
83, 103
List the prime factors of 51242.
2, 25621
What are the prime factors of 2314?
2, 13, 89
What are the prime factors of 39814?
2, 17, 1171
What are the prime factors of 308?
2, 7, 11
What are the prime factors of 109716?
2, 3, 41, 223
List the prime fa